Last updated on 2022-08-11 13:54:55 CEST.
Flavor | Version | Tinstall | Tcheck | Ttotal | Status | Flags |
---|---|---|---|---|---|---|
r-devel-linux-x86_64-debian-clang | 0.2.1 | 52.39 | 82.36 | 134.75 | OK | |
r-devel-linux-x86_64-debian-gcc | 0.2.1 | 36.09 | 62.67 | 98.76 | OK | |
r-devel-linux-x86_64-fedora-clang | 0.2.1 | 188.53 | OK | |||
r-devel-linux-x86_64-fedora-gcc | 0.2.1 | 169.00 | OK | |||
r-devel-windows-x86_64 | 0.2.1 | 156.00 | 152.00 | 308.00 | OK | |
r-patched-linux-x86_64 | 0.2.1 | 45.82 | 75.18 | 121.00 | OK | |
r-release-linux-x86_64 | 0.2.1 | OK | ||||
r-release-macos-arm64 | 0.2.1 | 48.00 | OK | |||
r-release-macos-x86_64 | 0.2.1 | 78.00 | OK | |||
r-release-windows-x86_64 | 0.2.1 | 139.00 | 182.00 | 321.00 | OK | |
r-oldrel-macos-arm64 | 0.2.1 | 64.00 | OK | |||
r-oldrel-macos-x86_64 | 0.2.1 | 105.00 | OK | |||
r-oldrel-windows-ix86+x86_64 | 0.2.1 | 128.00 | 150.00 | 278.00 | NOTE |
Version: 0.2.1
Check: installed package size
Result: NOTE
installed size is 5.1Mb
sub-directories of 1Mb or more:
doc 2.4Mb
libs 2.1Mb
Flavor: r-oldrel-windows-ix86+x86_64