CRAN Package Check Results for Package AIPW

Last updated on 2023-12-11 06:48:14 CET.

Flavor Version Tinstall Tcheck Ttotal Status Flags
r-devel-linux-x86_64-debian-clang 0.6.3.2 5.25 70.66 75.91 OK
r-devel-linux-x86_64-debian-gcc 0.6.3.2 3.92 52.80 56.72 OK
r-devel-linux-x86_64-fedora-clang 0.6.3.2 100.46 NOTE
r-devel-linux-x86_64-fedora-gcc 0.6.3.2 103.14 NOTE
r-devel-windows-x86_64 0.6.3.2 7.00 75.00 82.00 OK
r-patched-linux-x86_64 0.6.3.2 9.99 67.82 77.81 OK
r-release-linux-x86_64 0.6.3.2 5.42 67.20 72.62 OK
r-release-macos-arm64 0.6.3.2 37.00 OK
r-release-macos-x86_64 0.6.3.2 58.00 OK
r-release-windows-x86_64 0.6.3.2 8.00 83.00 91.00 OK
r-oldrel-macos-arm64 0.6.3.2 31.00 NOTE
r-oldrel-macos-x86_64 0.6.3.2 61.00 NOTE
r-oldrel-windows-x86_64 0.6.3.2 8.00 84.00 92.00 OK

Check Details

Version: 0.6.3.2
Check: dependencies in R code
Result: NOTE Namespaces in Imports field not imported from: ‘Rsolnp’ ‘SuperLearner’ ‘future.apply’ ‘ggplot2’ ‘progressr’ ‘stats’ ‘utils’ All declared Imports should be used. Flavors: r-devel-linux-x86_64-fedora-clang, r-devel-linux-x86_64-fedora-gcc, r-oldrel-macos-arm64, r-oldrel-macos-x86_64