Last updated on 2022-08-14 13:50:55 CEST.
Flavor | Version | Tinstall | Tcheck | Ttotal | Status | Flags |
---|---|---|---|---|---|---|
r-devel-linux-x86_64-debian-clang | 0.1.9 | 13.95 | 59.19 | 73.14 | NOTE | |
r-devel-linux-x86_64-debian-gcc | 0.1.9 | 10.81 | 47.27 | 58.08 | NOTE | |
r-devel-linux-x86_64-fedora-clang | 0.1.9 | 158.20 | NOTE | |||
r-devel-linux-x86_64-fedora-gcc | 0.1.9 | 152.80 | NOTE | |||
r-devel-windows-x86_64 | 0.1.9 | 17.00 | 121.00 | 138.00 | NOTE | |
r-patched-linux-x86_64 | 0.1.9 | 13.32 | 52.26 | 65.58 | NOTE | |
r-release-linux-x86_64 | 0.1.9 | 12.92 | 54.36 | 67.28 | NOTE | |
r-release-macos-arm64 | 0.1.9 | 37.00 | NOTE | |||
r-release-macos-x86_64 | 0.1.9 | 55.00 | NOTE | |||
r-release-windows-x86_64 | 0.1.9 | 22.00 | 122.00 | 144.00 | NOTE | |
r-oldrel-macos-arm64 | 0.1.9 | 49.00 | NOTE | |||
r-oldrel-macos-x86_64 | 0.1.9 | 86.00 | NOTE | |||
r-oldrel-windows-ix86+x86_64 | 0.1.9 | 27.00 | 117.00 | 144.00 | NOTE |
Version: 0.1.9
Check: LazyData
Result: NOTE
'LazyData' is specified without a 'data' directory
Flavors: r-devel-linux-x86_64-debian-clang, r-devel-linux-x86_64-debian-gcc, r-devel-linux-x86_64-fedora-clang, r-devel-linux-x86_64-fedora-gcc, r-devel-windows-x86_64, r-patched-linux-x86_64, r-release-linux-x86_64, r-release-macos-arm64, r-release-macos-x86_64, r-release-windows-x86_64, r-oldrel-macos-arm64, r-oldrel-macos-x86_64, r-oldrel-windows-ix86+x86_64
Version: 0.1.9
Check: for non-standard things in the check directory
Result: NOTE
Found the following files/directories:
'ans_19-2.jpg' 'display2d_19-2.jpg' 'dist(3)_19-2.jpg'
'dist(4)_19-2.jpg' 'dist(mirror)_19-2.jpg' 'dist(mirror2)_19-2.jpg'
Flavors: r-devel-linux-x86_64-debian-clang, r-devel-linux-x86_64-debian-gcc, r-devel-linux-x86_64-fedora-clang, r-devel-linux-x86_64-fedora-gcc, r-patched-linux-x86_64, r-release-linux-x86_64