Last updated on 2023-09-21 19:53:34 CEST.
Flavor | Version | Tinstall | Tcheck | Ttotal | Status | Flags |
---|---|---|---|---|---|---|
r-devel-linux-x86_64-debian-clang | 2.3-2 | 77.26 | 447.79 | 525.05 | OK | |
r-devel-linux-x86_64-debian-gcc | 2.3-2 | 58.56 | 328.37 | 386.93 | OK | |
r-devel-linux-x86_64-fedora-clang | 2.3-2 | 706.63 | NOTE | |||
r-devel-linux-x86_64-fedora-gcc | 2.3-2 | 700.39 | OK | |||
r-devel-windows-x86_64 | 2.3-2 | 64.00 | 343.00 | 407.00 | OK | |
r-patched-linux-x86_64 | 2.3-2 | 91.60 | 430.14 | 521.74 | OK | |
r-release-linux-x86_64 | 2.3-2 | 68.62 | 431.08 | 499.70 | OK | |
r-release-macos-arm64 | 2.3-2 | 162.00 | OK | |||
r-release-macos-x86_64 | 2.3-2 | 263.00 | NOTE | |||
r-release-windows-x86_64 | 2.3-2 | 90.00 | 417.00 | 507.00 | OK | |
r-oldrel-macos-arm64 | 2.3-2 | 101.00 | OK | |||
r-oldrel-macos-x86_64 | 2.3-2 | 190.00 | OK | |||
r-oldrel-windows-x86_64 | 2.3-2 | 93.00 | 412.00 | 505.00 | OK |
Version: 2.3-2
Check: Rd cross-references
Result: NOTE
Undeclared packages ‘multcomp’, ‘gmodels’ in Rd xrefs
Flavor: r-devel-linux-x86_64-fedora-clang
Version: 2.3-2
Check: package dependencies
Result: NOTE
Packages suggested but not available for checking:
'betareg', 'glmmTMB', 'maxlike', 'ordinal'
Flavor: r-release-macos-x86_64
Version: 2.3-2
Check: Rd cross-references
Result: NOTE
Package unavailable to check Rd xrefs: ‘maxlike’
Flavor: r-release-macos-x86_64