Last updated on 2023-10-03 01:04:45 CEST.
Flavor | Version | Tinstall | Tcheck | Ttotal | Status | Flags |
---|---|---|---|---|---|---|
r-devel-linux-x86_64-debian-clang | 1.0.1 | 17.89 | 124.02 | 141.91 | OK | |
r-devel-linux-x86_64-debian-gcc | 1.0.1 | 16.63 | 93.41 | 110.04 | OK | |
r-devel-linux-x86_64-fedora-clang | 1.0.1 | 174.67 | NOTE | |||
r-devel-linux-x86_64-fedora-gcc | 1.0.1 | 180.05 | NOTE | |||
r-devel-windows-x86_64 | 1.0.1 | 19.00 | 102.00 | 121.00 | OK | |
r-patched-linux-x86_64 | 1.0.1 | 19.06 | 116.41 | 135.47 | OK | |
r-release-linux-x86_64 | 1.0.1 | 14.33 | 115.15 | 129.48 | OK | |
r-release-macos-arm64 | 1.0.1 | 62.00 | OK | |||
r-release-macos-x86_64 | 1.0.1 | 96.00 | OK | |||
r-release-windows-x86_64 | 1.0.1 | 25.00 | 124.00 | 149.00 | OK | |
r-oldrel-macos-arm64 | 1.0.1 | 49.00 | NOTE | |||
r-oldrel-macos-x86_64 | 1.0.1 | 100.00 | NOTE | |||
r-oldrel-windows-x86_64 | 1.0.1 | 23.00 | 126.00 | 149.00 | OK |
Version: 1.0.1
Check: dependencies in R code
Result: NOTE
Namespaces in Imports field not imported from:
‘devtools’ ‘mixexp’
All declared Imports should be used.
Flavors: r-devel-linux-x86_64-fedora-clang, r-devel-linux-x86_64-fedora-gcc, r-oldrel-macos-arm64, r-oldrel-macos-x86_64