CRAN Package Check Results for Package AHM

Last updated on 2023-01-30 20:55:37 CET.

Flavor Version Tinstall Tcheck Ttotal Status Flags
r-devel-linux-x86_64-debian-clang 1.0.1 16.24 126.64 142.88 OK
r-devel-linux-x86_64-debian-gcc 1.0.1 14.97 96.99 111.96 OK
r-devel-linux-x86_64-fedora-clang 1.0.1 187.26 NOTE
r-devel-linux-x86_64-fedora-gcc 1.0.1 213.70 NOTE
r-devel-windows-x86_64 1.0.1 56.00 174.00 230.00 OK
r-patched-linux-x86_64 1.0.1 14.48 122.03 136.51 OK
r-release-linux-x86_64 1.0.1 15.00 120.70 135.70 OK
r-release-macos-arm64 1.0.1 49.00 NOTE
r-release-macos-x86_64 1.0.1 100.00 NOTE
r-release-windows-x86_64 1.0.1 37.00 160.00 197.00 OK
r-oldrel-macos-arm64 1.0.1 52.00 NOTE
r-oldrel-macos-x86_64 1.0.1 94.00 NOTE
r-oldrel-windows-ix86+x86_64 1.0.1 41.00 164.00 205.00 OK

Check Details

Version: 1.0.1
Check: dependencies in R code
Result: NOTE
    Namespaces in Imports field not imported from:
     ‘devtools’ ‘mixexp’
     All declared Imports should be used.
Flavors: r-devel-linux-x86_64-fedora-clang, r-devel-linux-x86_64-fedora-gcc, r-release-macos-arm64, r-release-macos-x86_64, r-oldrel-macos-arm64, r-oldrel-macos-x86_64