CRAN Package Check Results for Package AGPRIS

Last updated on 2020-12-03 21:47:35 CET.

Flavor Version Tinstall Tcheck Ttotal Status Flags
r-devel-linux-x86_64-debian-clang 1.0 4.79 34.57 39.36 NOTE
r-devel-linux-x86_64-debian-gcc 1.0 4.01 28.10 32.11 NOTE
r-devel-linux-x86_64-fedora-clang 1.0 55.07 NOTE
r-devel-linux-x86_64-fedora-gcc 1.0 45.55 NOTE
r-devel-windows-ix86+x86_64 1.0 9.00 52.00 61.00 OK
r-patched-linux-x86_64 1.0 4.97 35.97 40.94 NOTE
r-patched-solaris-x86 1.0 65.10 NOTE
r-release-linux-x86_64 1.0 4.89 33.97 38.86 NOTE
r-release-macos-x86_64 1.0 NOTE
r-release-windows-ix86+x86_64 1.0 7.00 49.00 56.00 OK
r-oldrel-macos-x86_64 1.0 NOTE
r-oldrel-windows-ix86+x86_64 1.0 6.00 51.00 57.00 OK

Check Details

Version: 1.0
Check: package dependencies
Result: NOTE
    Package suggested but not available for checking: 'INLA'
Flavors: r-devel-linux-x86_64-debian-clang, r-devel-linux-x86_64-debian-gcc, r-patched-linux-x86_64, r-patched-solaris-x86, r-release-linux-x86_64, r-release-macos-x86_64, r-oldrel-macos-x86_64

Version: 1.0
Check: dependencies in R code
Result: NOTE
    Namespace in Imports field not imported from: ‘rgdal’
     All declared Imports should be used.
Flavors: r-devel-linux-x86_64-fedora-clang, r-devel-linux-x86_64-fedora-gcc, r-patched-solaris-x86, r-release-macos-x86_64, r-oldrel-macos-x86_64