Last updated on 2023-09-27 02:00:35 CEST.
Flavor | Version | Tinstall | Tcheck | Ttotal | Status | Flags |
---|---|---|---|---|---|---|
r-devel-linux-x86_64-debian-clang | 2.0 | 3.93 | 36.54 | 40.47 | NOTE | |
r-devel-linux-x86_64-debian-gcc | 2.0 | 3.87 | 28.03 | 31.90 | NOTE | |
r-devel-linux-x86_64-fedora-clang | 2.0 | 52.36 | OK | |||
r-devel-linux-x86_64-fedora-gcc | 2.0 | 51.24 | OK | |||
r-devel-windows-x86_64 | 2.0 | 8.00 | 49.00 | 57.00 | NOTE | |
r-patched-linux-x86_64 | 2.0 | 5.20 | 36.03 | 41.23 | NOTE | |
r-release-linux-x86_64 | 2.0 | 4.75 | 36.05 | 40.80 | NOTE | |
r-release-macos-arm64 | 2.0 | 22.00 | NOTE | |||
r-release-macos-x86_64 | 2.0 | 34.00 | NOTE | |||
r-release-windows-x86_64 | 2.0 | 8.00 | 53.00 | 61.00 | NOTE | |
r-oldrel-macos-arm64 | 2.0 | 23.00 | NOTE | |||
r-oldrel-macos-x86_64 | 2.0 | 32.00 | NOTE | |||
r-oldrel-windows-x86_64 | 2.0 | 8.00 | 56.00 | 64.00 | NOTE |
Version: 2.0
Check: package dependencies
Result: NOTE
Package suggested but not available for checking: ‘INLA’
Flavors: r-devel-linux-x86_64-debian-clang, r-devel-linux-x86_64-debian-gcc, r-devel-windows-x86_64, r-patched-linux-x86_64, r-release-linux-x86_64, r-release-macos-arm64, r-release-macos-x86_64, r-release-windows-x86_64, r-oldrel-macos-arm64, r-oldrel-macos-x86_64, r-oldrel-windows-x86_64