Last updated on 2023-10-01 01:53:10 CEST.
Flavor | Version | Tinstall | Tcheck | Ttotal | Status | Flags |
---|---|---|---|---|---|---|
r-devel-linux-x86_64-debian-clang | 0.3.4 | 10.61 | 106.87 | 117.48 | OK | |
r-devel-linux-x86_64-debian-gcc | 0.3.4 | 8.45 | 78.90 | 87.35 | OK | |
r-devel-linux-x86_64-fedora-clang | 0.3.4 | 144.89 | NOTE | |||
r-devel-linux-x86_64-fedora-gcc | 0.3.4 | 166.27 | NOTE | |||
r-devel-windows-x86_64 | 0.3.4 | 11.00 | 112.00 | 123.00 | OK | |
r-patched-linux-x86_64 | 0.3.4 | 8.33 | 100.80 | 109.13 | OK | |
r-release-linux-x86_64 | 0.3.4 | 9.87 | 102.01 | 111.88 | OK | |
r-release-macos-arm64 | 0.3.4 | 57.00 | OK | |||
r-release-macos-x86_64 | 0.3.4 | 83.00 | OK | |||
r-release-windows-x86_64 | 0.3.4 | 14.00 | 116.00 | 130.00 | OK | |
r-oldrel-macos-arm64 | 0.3.4 | 48.00 | OK | |||
r-oldrel-macos-x86_64 | 0.3.4 | 55.00 | OK | |||
r-oldrel-windows-x86_64 | 0.3.4 | 16.00 | 115.00 | 131.00 | OK |
Version: 0.3.4
Check: dependencies in R code
Result: NOTE
Namespaces in Imports field not imported from:
‘mFilter’ ‘regclass’ ‘writexl’
All declared Imports should be used.
Flavors: r-devel-linux-x86_64-fedora-clang, r-devel-linux-x86_64-fedora-gcc