CRAN Package Check Results for Package AEDForecasting

Last updated on 2022-08-14 13:50:55 CEST.

Flavor Version Tinstall Tcheck Ttotal Status Flags
r-devel-linux-x86_64-debian-clang 0.20.0 2.44 27.03 29.47 NOTE
r-devel-linux-x86_64-debian-gcc 0.20.0 1.99 19.79 21.78 NOTE
r-devel-linux-x86_64-fedora-clang 0.20.0 48.19 NOTE
r-devel-linux-x86_64-fedora-gcc 0.20.0 45.33 NOTE
r-devel-windows-x86_64 0.20.0 16.00 70.00 86.00 NOTE
r-patched-linux-x86_64 0.20.0 2.54 25.98 28.52 NOTE
r-release-linux-x86_64 0.20.0 1.82 26.06 27.88 NOTE
r-release-macos-arm64 0.20.0 18.00 NOTE
r-release-macos-x86_64 0.20.0 23.00 NOTE
r-release-windows-x86_64 0.20.0 4.00 52.00 56.00 NOTE
r-oldrel-macos-arm64 0.20.0 21.00 NOTE
r-oldrel-macos-x86_64 0.20.0 26.00 NOTE
r-oldrel-windows-ix86+x86_64 0.20.0 6.00 46.00 52.00 NOTE

Check Details

Version: 0.20.0
Check: LazyData
Result: NOTE
     'LazyData' is specified without a 'data' directory
Flavors: r-devel-linux-x86_64-debian-clang, r-devel-linux-x86_64-debian-gcc, r-devel-linux-x86_64-fedora-clang, r-devel-linux-x86_64-fedora-gcc, r-devel-windows-x86_64, r-patched-linux-x86_64, r-release-linux-x86_64, r-release-macos-arm64, r-release-macos-x86_64, r-release-windows-x86_64, r-oldrel-macos-arm64, r-oldrel-macos-x86_64, r-oldrel-windows-ix86+x86_64