Last updated on 2023-09-21 21:52:19 CEST.
Flavor | Version | Tinstall | Tcheck | Ttotal | Status | Flags |
---|---|---|---|---|---|---|
r-devel-linux-x86_64-debian-clang | 2.1 | 81.88 | 63.89 | 145.77 | NOTE | |
r-devel-linux-x86_64-debian-gcc | 2.1 | 59.06 | 47.69 | 106.75 | NOTE | |
r-devel-linux-x86_64-fedora-clang | 2.1 | 219.10 | NOTE | |||
r-devel-linux-x86_64-fedora-gcc | 2.1 | 234.12 | NOTE | |||
r-devel-windows-x86_64 | 2.1 | 69.00 | 113.00 | 182.00 | NOTE | |
r-patched-linux-x86_64 | 2.1 | 84.18 | 62.15 | 146.33 | NOTE | |
r-release-linux-x86_64 | 2.1 | 86.52 | 61.28 | 147.80 | NOTE | |
r-release-macos-arm64 | 2.1 | 69.00 | NOTE | |||
r-release-macos-x86_64 | 2.1 | 114.00 | NOTE | |||
r-release-windows-x86_64 | 2.1 | 83.00 | 117.00 | 200.00 | NOTE | |
r-oldrel-macos-arm64 | 2.1 | 71.00 | NOTE | |||
r-oldrel-macos-x86_64 | 2.1 | 88.00 | NOTE | |||
r-oldrel-windows-x86_64 | 2.1 | 79.00 | 130.00 | 209.00 | NOTE |
Version: 2.1
Check: LazyData
Result: NOTE
'LazyData' is specified without a 'data' directory
Flavors: r-devel-linux-x86_64-debian-clang, r-devel-linux-x86_64-debian-gcc, r-devel-linux-x86_64-fedora-clang, r-devel-linux-x86_64-fedora-gcc, r-devel-windows-x86_64, r-patched-linux-x86_64, r-release-linux-x86_64, r-release-macos-arm64, r-release-macos-x86_64, r-release-windows-x86_64, r-oldrel-macos-arm64, r-oldrel-macos-x86_64, r-oldrel-windows-x86_64