Last updated on 2022-08-19 20:51:03 CEST.
Flavor | Version | Tinstall | Tcheck | Ttotal | Status | Flags |
---|---|---|---|---|---|---|
r-devel-linux-x86_64-debian-clang | 0.1.1 | 40.84 | 75.37 | 116.21 | OK | |
r-devel-linux-x86_64-debian-gcc | 0.1.1 | 37.61 | 57.75 | 95.36 | OK | |
r-devel-linux-x86_64-fedora-clang | 0.1.1 | 162.38 | NOTE | |||
r-devel-linux-x86_64-fedora-gcc | 0.1.1 | 161.35 | NOTE | |||
r-devel-windows-x86_64 | 0.1.1 | 37.00 | 112.00 | 149.00 | OK | |
r-patched-linux-x86_64 | 0.1.1 | 37.54 | 72.91 | 110.45 | OK | |
r-release-linux-x86_64 | 0.1.1 | OK | ||||
r-release-macos-arm64 | 0.1.1 | 46.00 | NOTE | |||
r-release-macos-x86_64 | 0.1.1 | 60.00 | NOTE | |||
r-release-windows-x86_64 | 0.1.1 | 39.00 | 112.00 | 151.00 | OK | |
r-oldrel-macos-arm64 | 0.1.1 | 57.00 | NOTE | |||
r-oldrel-macos-x86_64 | 0.1.1 | 88.00 | NOTE | |||
r-oldrel-windows-ix86+x86_64 | 0.1.1 | 94.00 | 124.00 | 218.00 | OK |
Version: 0.1.1
Check: compiled code
Result: NOTE
File ‘ADMMnet/libs/ADMMnet.so’:
Found no calls to: ‘R_registerRoutines’, ‘R_useDynamicSymbols’
It is good practice to register native routines and to disable symbol
search.
See ‘Writing portable packages’ in the ‘Writing R Extensions’ manual.
Flavors: r-devel-linux-x86_64-fedora-clang, r-devel-linux-x86_64-fedora-gcc
Version: 0.1.1
Check: installed package size
Result: NOTE
installed size is 6.5Mb
sub-directories of 1Mb or more:
libs 6.3Mb
Flavors: r-release-macos-arm64, r-release-macos-x86_64, r-oldrel-macos-arm64, r-oldrel-macos-x86_64