CRAN Package Check Results for Package ADMM

Last updated on 2019-02-18 01:51:06 CET.

Flavor Version Tinstall Tcheck Ttotal Status Flags
r-devel-linux-x86_64-debian-clang 0.3.1 140.54 57.06 197.60 OK
r-devel-linux-x86_64-debian-gcc 0.3.1 113.27 46.24 159.51 OK
r-devel-linux-x86_64-fedora-clang 0.3.1 308.51 NOTE
r-devel-linux-x86_64-fedora-gcc 0.3.1 272.03 OK
r-devel-windows-ix86+x86_64 0.3.1 358.00 133.00 491.00 OK
r-patched-linux-x86_64 0.3.1 126.87 52.38 179.25 OK
r-patched-solaris-x86 0.3.1 255.50 OK
r-release-linux-x86_64 0.3.1 OK
r-release-windows-ix86+x86_64 0.3.1 254.00 132.00 386.00 OK
r-release-osx-x86_64 0.3.1 NOTE
r-oldrel-windows-ix86+x86_64 0.3.1 363.00 120.00 483.00 OK
r-oldrel-osx-x86_64 0.3.1 NOTE

Check Details

Version: 0.3.1
Check: installed package size
Result: NOTE
     installed size is 7.2Mb
     sub-directories of 1Mb or more:
     libs 7.0Mb
Flavors: r-devel-linux-x86_64-fedora-clang, r-release-osx-x86_64, r-oldrel-osx-x86_64