Last updated on 2023-10-01 03:54:31 CEST.
Flavor | Version | Tinstall | Tcheck | Ttotal | Status | Flags |
---|---|---|---|---|---|---|
r-devel-linux-x86_64-debian-clang | 0.3.3 | 75.56 | 83.69 | 159.25 | NOTE | |
r-devel-linux-x86_64-debian-gcc | 0.3.3 | 57.00 | 63.11 | 120.11 | NOTE | |
r-devel-linux-x86_64-fedora-clang | 0.3.3 | 218.95 | NOTE | |||
r-devel-linux-x86_64-fedora-gcc | 0.3.3 | 217.77 | NOTE | |||
r-devel-windows-x86_64 | 0.3.3 | 57.00 | 110.00 | 167.00 | NOTE | |
r-patched-linux-x86_64 | 0.3.3 | 79.46 | 79.32 | 158.78 | NOTE | |
r-release-linux-x86_64 | 0.3.3 | 71.85 | 80.69 | 152.54 | NOTE | |
r-release-macos-arm64 | 0.3.3 | 59.00 | NOTE | |||
r-release-macos-x86_64 | 0.3.3 | 96.00 | NOTE | |||
r-release-windows-x86_64 | 0.3.3 | 75.00 | 116.00 | 191.00 | NOTE | |
r-oldrel-macos-arm64 | 0.3.3 | 54.00 | NOTE | |||
r-oldrel-macos-x86_64 | 0.3.3 | 67.00 | NOTE | |||
r-oldrel-windows-x86_64 | 0.3.3 | 71.00 | 107.00 | 178.00 | OK |
Version: 0.3.3
Check: C++ specification
Result: NOTE
Specified C++11: please drop specification unless essential
Flavors: r-devel-linux-x86_64-debian-clang, r-devel-linux-x86_64-debian-gcc, r-devel-linux-x86_64-fedora-clang, r-devel-linux-x86_64-fedora-gcc, r-devel-windows-x86_64, r-patched-linux-x86_64, r-release-linux-x86_64, r-release-macos-arm64, r-release-macos-x86_64, r-release-windows-x86_64
Version: 0.3.3
Check: installed package size
Result: NOTE
installed size is 6.0Mb
sub-directories of 1Mb or more:
libs 5.9Mb
Flavors: r-release-macos-arm64, r-release-macos-x86_64, r-oldrel-macos-arm64, r-oldrel-macos-x86_64