CRAN Package Check Results for Package ADMM

Last updated on 2019-04-24 15:57:10 CEST.

Flavor Version Tinstall Tcheck Ttotal Status Flags
r-devel-linux-x86_64-debian-clang 0.3.1 141.87 57.24 199.11 OK
r-devel-linux-x86_64-debian-gcc 0.3.1 111.85 46.12 157.97 OK
r-devel-linux-x86_64-fedora-clang 0.3.1 316.27 NOTE
r-devel-linux-x86_64-fedora-gcc 0.3.1 280.76 OK
r-devel-windows-ix86+x86_64 0.3.1 346.00 132.00 478.00 OK
r-patched-linux-x86_64 0.3.1 128.95 57.12 186.07 OK
r-patched-solaris-x86 0.3.1 272.50 OK
r-release-linux-x86_64 0.3.1 124.96 53.19 178.15 OK
r-release-windows-ix86+x86_64 0.3.1 260.00 86.00 346.00 OK
r-release-osx-x86_64 0.3.1 NOTE
r-oldrel-windows-ix86+x86_64 0.3.1 265.00 94.00 359.00 OK
r-oldrel-osx-x86_64 0.3.1 NOTE

Check Details

Version: 0.3.1
Check: installed package size
Result: NOTE
     installed size is 7.2Mb
     sub-directories of 1Mb or more:
     libs 7.0Mb
Flavors: r-devel-linux-x86_64-fedora-clang, r-release-osx-x86_64, r-oldrel-osx-x86_64