CRAN Package Check Results for Package ADMM

Last updated on 2019-08-19 21:46:46 CEST.

Flavor Version Tinstall Tcheck Ttotal Status Flags
r-devel-linux-x86_64-debian-clang 0.3.1 141.25 57.82 199.07 OK
r-devel-linux-x86_64-debian-gcc 0.3.1 112.00 46.77 158.77 OK
r-devel-linux-x86_64-fedora-clang 0.3.1 294.94 NOTE
r-devel-linux-x86_64-fedora-gcc 0.3.1 294.74 OK
r-devel-windows-ix86+x86_64 0.3.1 275.00 177.00 452.00 OK
r-patched-linux-x86_64 0.3.1 125.64 56.35 181.99 OK
r-patched-solaris-x86 0.3.1 284.70 OK
r-release-linux-x86_64 0.3.1 129.45 56.94 186.39 OK
r-release-windows-ix86+x86_64 0.3.1 288.00 94.00 382.00 OK
r-release-osx-x86_64 0.3.1 NOTE
r-oldrel-windows-ix86+x86_64 0.3.1 360.00 128.00 488.00 OK
r-oldrel-osx-x86_64 0.3.1 NOTE

Check Details

Version: 0.3.1
Check: installed package size
Result: NOTE
     installed size is 8.0Mb
     sub-directories of 1Mb or more:
     libs 7.8Mb
Flavors: r-devel-linux-x86_64-fedora-clang, r-release-osx-x86_64, r-oldrel-osx-x86_64