Last updated on 2023-10-01 01:53:10 CEST.
Flavor | Version | Tinstall | Tcheck | Ttotal | Status | Flags |
---|---|---|---|---|---|---|
r-devel-linux-x86_64-debian-clang | 1.0.22 | 5.40 | 87.01 | 92.41 | OK | |
r-devel-linux-x86_64-debian-gcc | 1.0.22 | 4.63 | 62.69 | 67.32 | OK | |
r-devel-linux-x86_64-fedora-clang | 1.0.22 | 114.19 | NOTE | |||
r-devel-linux-x86_64-fedora-gcc | 1.0.22 | 132.92 | OK | |||
r-devel-windows-x86_64 | 1.0.22 | 7.00 | 103.00 | 110.00 | NOTE | |
r-patched-linux-x86_64 | 1.0.22 | 4.36 | 82.54 | 86.90 | OK | |
r-release-linux-x86_64 | 1.0.22 | 6.18 | 84.09 | 90.27 | OK | |
r-release-macos-arm64 | 1.0.22 | 44.00 | NOTE | |||
r-release-macos-x86_64 | 1.0.22 | 67.00 | NOTE | |||
r-release-windows-x86_64 | 1.0.22 | 8.00 | 108.00 | 116.00 | NOTE | |
r-oldrel-macos-arm64 | 1.0.22 | 32.00 | NOTE | |||
r-oldrel-macos-x86_64 | 1.0.22 | 49.00 | NOTE | |||
r-oldrel-windows-x86_64 | 1.0.22 | 8.00 | 100.00 | 108.00 | NOTE |
Version: 1.0.22
Check: installed package size
Result: NOTE
installed size is 7.6Mb
sub-directories of 1Mb or more:
doc 7.1Mb
Flavors: r-devel-linux-x86_64-fedora-clang, r-devel-windows-x86_64, r-release-macos-arm64, r-release-macos-x86_64, r-release-windows-x86_64, r-oldrel-macos-arm64, r-oldrel-macos-x86_64, r-oldrel-windows-x86_64
Version: 1.0.22
Check: package dependencies
Result: NOTE
Packages suggested but not available for checking: 'DeconRNASeq', 'WGCNA'
Flavors: r-release-macos-arm64, r-release-macos-x86_64