Last updated on 2023-12-06 16:53:04 CET.
Flavor | Version | Tinstall | Tcheck | Ttotal | Status | Flags |
---|---|---|---|---|---|---|
r-devel-linux-x86_64-debian-clang | 0.9.0 | 6.14 | 63.04 | 69.18 | NOTE | |
r-devel-linux-x86_64-debian-gcc | 0.9.0 | 5.43 | 48.20 | 53.63 | NOTE | |
r-devel-linux-x86_64-fedora-clang | 0.9.0 | 85.38 | NOTE | |||
r-devel-linux-x86_64-fedora-gcc | 0.9.0 | 84.19 | NOTE | |||
r-devel-windows-x86_64 | 0.9.0 | 7.00 | 69.00 | 76.00 | NOTE | |
r-patched-linux-x86_64 | 0.9.0 | 12.42 | 63.42 | 75.84 | OK | |
r-release-linux-x86_64 | 0.9.0 | 7.68 | 62.23 | 69.91 | OK | |
r-release-macos-arm64 | 0.9.0 | 31.00 | OK | |||
r-release-macos-x86_64 | 0.9.0 | 60.00 | OK | |||
r-release-windows-x86_64 | 0.9.0 | 9.00 | 78.00 | 87.00 | OK | |
r-oldrel-macos-arm64 | 0.9.0 | 32.00 | OK | |||
r-oldrel-macos-x86_64 | 0.9.0 | 46.00 | OK | |||
r-oldrel-windows-x86_64 | 0.9.0 | 11.00 | 84.00 | 95.00 | OK |
Version: 0.9.0
Check: Rd \usage sections
Result: NOTE
Documented arguments not in \usage in Rd file 'fitSnpNmfArray.Rd':
‘maxIter’ ‘acc’
Functions with \usage entries need to have the appropriate \alias
entries, and all their arguments documented.
The \usage entries must correspond to syntactically valid R code.
See chapter ‘Writing R documentation files’ in the ‘Writing R
Extensions’ manual.
Flavors: r-devel-linux-x86_64-debian-clang, r-devel-linux-x86_64-debian-gcc, r-devel-linux-x86_64-fedora-clang, r-devel-linux-x86_64-fedora-gcc, r-devel-windows-x86_64