CRAN Package Check Results for Package ACDm

Last updated on 2023-12-11 05:51:43 CET.

Flavor Version Tinstall Tcheck Ttotal Status Flags
r-devel-linux-x86_64-debian-clang 1.0.4.2 19.06 94.26 113.32 NOTE
r-devel-linux-x86_64-debian-gcc 1.0.4.2 14.61 68.92 83.53 NOTE
r-devel-linux-x86_64-fedora-clang 1.0.4.2 143.08 NOTE
r-devel-linux-x86_64-fedora-gcc 1.0.4.2 137.38 NOTE
r-devel-windows-x86_64 1.0.4.2 24.00 109.00 133.00 NOTE
r-patched-linux-x86_64 1.0.4.2 23.31 90.50 113.81 OK
r-release-linux-x86_64 1.0.4.2 16.42 90.39 106.81 OK
r-release-macos-arm64 1.0.4.2 48.00 OK
r-release-macos-x86_64 1.0.4.2 73.00 OK
r-release-windows-x86_64 1.0.4.2 28.00 108.00 136.00 OK
r-oldrel-macos-arm64 1.0.4.2 66.00 OK
r-oldrel-macos-x86_64 1.0.4.2 67.00 OK
r-oldrel-windows-x86_64 1.0.4.2 25.00 121.00 146.00 OK

Check Details

Version: 1.0.4.2
Check: Rd contents
Result: NOTE Argument items with no description in Rd file 'testRmACD.Rd': ‘pStar’ Flavors: r-devel-linux-x86_64-debian-clang, r-devel-linux-x86_64-debian-gcc, r-devel-linux-x86_64-fedora-clang, r-devel-linux-x86_64-fedora-gcc, r-devel-windows-x86_64

Version: 1.0.4.2
Check: compiled code
Result: NOTE File ‘ACDm/libs/ACDm.so’: Found no calls to: ‘R_registerRoutines’, ‘R_useDynamicSymbols’ It is good practice to register native routines and to disable symbol search. See ‘Writing portable packages’ in the ‘Writing R Extensions’ manual. Flavors: r-devel-linux-x86_64-fedora-clang, r-devel-linux-x86_64-fedora-gcc