Last updated on 2023-10-01 03:54:31 CEST.
Flavor | Version | Tinstall | Tcheck | Ttotal | Status | Flags |
---|---|---|---|---|---|---|
r-devel-linux-x86_64-debian-clang | 0.3 | 120.25 | 36.11 | 156.36 | OK | |
r-devel-linux-x86_64-debian-gcc | 0.3 | 78.19 | 27.89 | 106.08 | OK | |
r-devel-linux-x86_64-fedora-clang | 0.3 | 233.60 | OK | |||
r-devel-linux-x86_64-fedora-gcc | 0.3 | 221.76 | OK | |||
r-devel-windows-x86_64 | 0.3 | 87.00 | 96.00 | 183.00 | OK | |
r-patched-linux-x86_64 | 0.3 | 117.51 | 34.76 | 152.27 | OK | |
r-release-linux-x86_64 | 0.3 | 108.67 | 35.76 | 144.43 | OK | |
r-release-macos-arm64 | 0.3 | 57.00 | NOTE | |||
r-release-macos-x86_64 | 0.3 | 91.00 | OK | |||
r-release-windows-x86_64 | 0.3 | 77.00 | 83.00 | 160.00 | OK | |
r-oldrel-macos-arm64 | 0.3 | 53.00 | OK | |||
r-oldrel-macos-x86_64 | 0.3 | 96.00 | OK | |||
r-oldrel-windows-x86_64 | 0.3 | 105.00 | 73.00 | 178.00 | OK |
Version: 0.3
Check: installed package size
Result: NOTE
installed size is 5.1Mb
sub-directories of 1Mb or more:
libs 4.7Mb
Flavor: r-release-macos-arm64