CRAN Package Check Results for Package ABHgenotypeR

Last updated on 2023-10-01 03:54:31 CEST.

Flavor Version Tinstall Tcheck Ttotal Status Flags
r-devel-linux-x86_64-debian-clang 1.0.1 5.56 65.37 70.93 NOTE
r-devel-linux-x86_64-debian-gcc 1.0.1 4.06 49.08 53.14 NOTE
r-devel-linux-x86_64-fedora-clang 1.0.1 88.18 NOTE
r-devel-linux-x86_64-fedora-gcc 1.0.1 97.26 NOTE
r-devel-windows-x86_64 1.0.1 7.00 86.00 93.00 NOTE
r-patched-linux-x86_64 1.0.1 5.95 61.64 67.59 NOTE
r-release-linux-x86_64 1.0.1 5.47 63.47 68.94 NOTE
r-release-macos-arm64 1.0.1 35.00 NOTE
r-release-macos-x86_64 1.0.1 58.00 NOTE
r-release-windows-x86_64 1.0.1 8.00 82.00 90.00 NOTE
r-oldrel-macos-arm64 1.0.1 30.00 NOTE
r-oldrel-macos-x86_64 1.0.1 63.00 NOTE
r-oldrel-windows-x86_64 1.0.1 8.00 83.00 91.00 NOTE

Check Details

Version: 1.0.1
Check: LazyData
Result: NOTE
     'LazyData' is specified without a 'data' directory
Flavors: r-devel-linux-x86_64-debian-clang, r-devel-linux-x86_64-debian-gcc, r-devel-linux-x86_64-fedora-clang, r-devel-linux-x86_64-fedora-gcc, r-devel-windows-x86_64, r-patched-linux-x86_64, r-release-linux-x86_64, r-release-macos-arm64, r-release-macos-x86_64, r-release-windows-x86_64, r-oldrel-macos-arm64, r-oldrel-macos-x86_64, r-oldrel-windows-x86_64