CRAN Package Check Results for Package ABHgenotypeR

Last updated on 2024-06-22 03:49:25 CEST.

Flavor Version Tinstall Tcheck Ttotal Status Flags
r-devel-linux-x86_64-debian-clang 1.0.1 5.45 69.19 74.64 NOTE
r-devel-linux-x86_64-debian-gcc 1.0.1 4.45 52.67 57.12 NOTE
r-devel-linux-x86_64-fedora-clang 1.0.1 95.66 NOTE
r-devel-linux-x86_64-fedora-gcc 1.0.1 101.16 NOTE
r-devel-windows-x86_64 1.0.1 7.00 71.00 78.00 NOTE
r-patched-linux-x86_64 1.0.1 5.02 69.95 74.97 NOTE
r-release-linux-x86_64 1.0.1 5.63 68.14 73.77 NOTE
r-release-macos-arm64 1.0.1 36.00 NOTE
r-release-macos-x86_64 1.0.1 56.00 NOTE
r-release-windows-x86_64 1.0.1 6.00 72.00 78.00 NOTE
r-oldrel-macos-arm64 1.0.1 35.00 NOTE
r-oldrel-macos-x86_64 1.0.1 58.00 NOTE
r-oldrel-windows-x86_64 1.0.1 8.00 93.00 101.00 NOTE

Check Details

Version: 1.0.1
Check: LazyData
Result: NOTE 'LazyData' is specified without a 'data' directory Flavors: r-devel-linux-x86_64-debian-clang, r-devel-linux-x86_64-debian-gcc, r-devel-linux-x86_64-fedora-clang, r-devel-linux-x86_64-fedora-gcc, r-devel-windows-x86_64, r-patched-linux-x86_64, r-release-linux-x86_64, r-release-macos-arm64, r-release-macos-x86_64, r-release-windows-x86_64, r-oldrel-macos-arm64, r-oldrel-macos-x86_64, r-oldrel-windows-x86_64