Last updated on 2023-09-21 19:53:33 CEST.
Flavor | Version | Tinstall | Tcheck | Ttotal | Status | Flags |
---|---|---|---|---|---|---|
r-devel-linux-x86_64-debian-clang | 1.0.0 | 6.34 | 57.76 | 64.10 | NOTE | |
r-devel-linux-x86_64-debian-gcc | 1.0.0 | 5.12 | 43.60 | 48.72 | NOTE | |
r-devel-linux-x86_64-fedora-clang | 1.0.0 | 80.10 | NOTE | |||
r-devel-linux-x86_64-fedora-gcc | 1.0.0 | 89.30 | NOTE | |||
r-devel-windows-x86_64 | 1.0.0 | 8.00 | 81.00 | 89.00 | NOTE | |
r-patched-linux-x86_64 | 1.0.0 | 6.21 | 56.40 | 62.61 | NOTE | |
r-release-linux-x86_64 | 1.0.0 | 6.57 | 55.84 | 62.41 | NOTE | |
r-release-macos-arm64 | 1.0.0 | 35.00 | NOTE | |||
r-release-macos-x86_64 | 1.0.0 | 53.00 | NOTE | |||
r-release-windows-x86_64 | 1.0.0 | 9.00 | 77.00 | 86.00 | NOTE | |
r-oldrel-macos-arm64 | 1.0.0 | 28.00 | NOTE | |||
r-oldrel-macos-x86_64 | 1.0.0 | 52.00 | NOTE | |||
r-oldrel-windows-x86_64 | 1.0.0 | 9.00 | 93.00 | 102.00 | NOTE |
Version: 1.0.0
Check: LazyData
Result: NOTE
'LazyData' is specified without a 'data' directory
Flavors: r-devel-linux-x86_64-debian-clang, r-devel-linux-x86_64-debian-gcc, r-devel-linux-x86_64-fedora-clang, r-devel-linux-x86_64-fedora-gcc, r-devel-windows-x86_64, r-patched-linux-x86_64, r-release-linux-x86_64, r-release-macos-arm64, r-release-macos-x86_64, r-release-windows-x86_64, r-oldrel-macos-arm64, r-oldrel-macos-x86_64, r-oldrel-windows-x86_64